t is 2 + 327377?
327379
In base 13, what is -4095 + 3?
-4092
In base 9, what is 554 + 405?
1060
In base 12, what is -10a - -136bb?
135b1
In base 15, what is -146ba2 + 5?
-146b9c
In base 4, what is 3 - 31023023?
-31023020
In base 5, what is 2041 - 143243?
-141202
In base 2, what is 11 - 1000101010011000?
-1000101010010101
In base 6, what is 5224 + 3450?
13114
In base 7, what is 12266 - 201?
12065
In base 8, what is 4 - -16127?
16133
In base 16, what is a8 + -3fcf?
-3f27
In base 8, what is 10 - 1656?
-1646
In base 8, what is 144700 - -2?
144702
In base 11, what is -6968 - -8?
-6960
In base 12, what is 261173 + -5?
26116a
In base 8, what is -1744 - 664?
-2630
In base 5, what is 4421311 - 24?
4421232
In base 12, what is 80208 - 5?
80203
In base 6, what is -33314534 + -2?
-33314540
In base 15, what is -3d4 - -571?
18c
In base 7, what is 11 + 5633330?
5633341
In base 9, what is -182016 + 3?
-182013
In base 8, what is 3 + -7573?
-7570
In base 9, what is -175 + 15?
-160
In base 2, what is -100011 - 110001011?
-110101110
In base 4, what is -3 + -123010331?
-123011000
In base 7, what is 12 - -1021?
1033
In base 7, what is 305433 + 4?
305440
In base 12, what is -54166 + 13?
-54153
In base 14, what is 2182 - 22b?
1d55
In base 10, what is 717 + 72?
789
In base 9, what is -34 + -124085?
-124130
In base 2, what is 0 - -10000000111111100?
10000000111111100
In base 4, what is -212330300 - -30?
-212330210
In base 15, what is 40 + -a3?
-63
In base 14, what is 121 + -1?
120
In base 5, what is 1212 + 223?
1440
In base 6, what is -4 - 252144?
-252152
In base 5, what is -20314 - -1?
-20313
In base 5, what is 141122 - -1?
141123
In base 16, what is 2042de - -1?
2042df
In base 7, what is -25 - 105626?
-105654
In base 7, what is -520466 - -3?
-520463
In base 9, what is 264 - -177?
452
In base 10, what is -533 + 14?
-519
In base 8, what is -2 + 12427?
12425
In base 10, what is 3 + -11225?
-11222
In base 5, what is -1014230 + 3?
-1014222
In base 4, what is 11230321 - 1?
11230320
In base 4, what is 111232312 + -2?
111232310
In base 4, what is -123 + -3032232?
-3033021
In base 9, what is -2 + -111013?
-111015
In base 13, what is 0 + -2b97?
-2b97
In base 6, what is -10413105 - -5?
-10413100
In base 3, what is -12 - 202002200101?
-202002200120
In base 15, what is ae + -249?
-18a
In base 7, what is -13415 + 155?
-13230
In base 10, what is 518203 - 2?
518201
In base 13, what is -8193 - -12b?
-8065
In base 5, what is -2232344 - 212?
-2233111
In base 11, what is 12a1 - 32?
126a
In base 10, what is -1019 + 72?
-947
In base 8, what is -2 - 3051466?
-3051470
In base 4, what is 2303222103 + 1?
2303222110
In base 6, what is -151121 + -5?
-151130
In base 16, what is -4 - -a74?
a70
In base 16, what is 3191 - -11?
31a2
In base 6, what is -330232 + -3?
-330235
In base 12, what is 3627 + 5b?
3686
In base 6, what is 12 + -13552?
-13540
In base 12, what is b3a2 - 58?
b346
In base 11, what is 5 + -159197?
-159192
In base 5, what is -2 + 3101012?
3101010
In base 5, what is -1143312 + -2?
-1143314
In base 9, what is -4 - -273738?
273734
In base 7, what is 65662 + 36?
66031
In base 8, what is 1250364 - 3?
1250361
In base 13, what is -3 + -33c9?
-33cc
In base 10, what is -4177 + 8?
-4169
In base 7, what is 1204 + -1211?
-4
In base 16, what is 1cdd3 - -2?
1cdd5
In base 2, what is -100011111011 - -101000?
-100011010011
In base 4, what is -11001 - -1120?
-3221
In base 9, what is 14876 + 257?
15244
In base 3, what is 100210 + 1212?
102122
In base 13, what is -57 - 1ab?
-235
In base 2, what is 100111 + -1000110011?
-1000001100
In base 7, what is -4 - 54411?
-54415
In base 6, what is -3451504 + -3?
-3451511
In base 14, what is -2ab - -b7?
-1d4
In base 3, what is 1101 - -100120?
101221
In base 12, what is -13334 - -47?
-132a9
In base 5, what is 2103141 + 2?
2103143
In base 7, what is 113235 + 1?
113236
In base 4, what is -13333113 - -1?
-13333112
In base 11, what is 1425 + 12a?
1554
In base 14, what is -b7d6a + 4?
-b7d66
In base 15, what is -28118 + b?
-2810c
In base 9, what is -35536 - -24?
-35512
In base 16, what is 1ec59 - 3?
1ec56
In base 6, what is -5 - 13143451?
-13143500
In base 2, what is -11011 + -10011100000?
-10011111011
In base 12, what is -2b2a7 + 6?
-2b2a1
In base 13, what is 173c5 + -40?
17385
In base 10, what is 14 + -3979?
-3965
In base 9, what is -457 + -122?
-580
In base 14, what is -31ac3a - -2?
-31ac38
In base 6, what is 3211411 - 3?
3211404
In base 13, what is 613b2 - 10?
613a2
In base 13, what is -11449 - -c?
-1143a
In base 12, what is 5398 - 2?
5396
In base 16, what is -20f - -353?
144
In base 2, what is 11111110 - -101100011101?
110000011011
In base 5, what is -2 + 1224313?
1224311
In base 2, what is -1000101000 + -11001001?
-1011110001
In base 10, what is 4 + -2662?
-2658
In base 10, what is -68494 + 5?
-68489
In base 12, what is -36a6 + -4?
-36aa
In base 5, what is 22122000 + 3?
22122003
In base 3, what is 10 + -2112222222222?
-2112222222212
In base 15, what is -4 - -25b5?
25b1
In base 14, what is 1 + -72?
-71
In base 11, what is -1a924 + -17?
-1a940
In base 13, what is 2c02 + 8?
2c0a
In base 16, what is -7fc - -5?
-7f7
In base 12, what is -15 - 14917?
-14930
In base 16, what is -3 + -205c?
-205f
In base 16, what is 5ae8 - 0?
5ae8
In base 6, what is -41455 + -32?
-41531
In base 10, what is 452 - 863?
-411
In base 10, what is -2607 - -1537?
-1070
In base 11, what is 1 - -7707?
7708
In base 16, what is -12 + 532?
520
In base 7, what is -126 - -10360?
10231
In base 3, what is 10 - 101001020?
-101001010
In base 11, what is -4 + 20627?
20623
In base 5, what is 12 + -20212?
-20200
In base 15, what is -2dc91e - 3?
-2dc922
In base 6, what is -43020153 + 5?
-43020144
In base 7, what is -135630 + -11?
-135641
In base 5, what is 2 - -313102410?
313102412
In base 2, what is 100000010111 + -1000?
100000001111
In base 10, what is 774 + -469?
305
In base 14, what is -42b + a18?
5cb
In base 2, what is -1111100110101 + -11101000?
-10000000011101
In base 10, what is 132 - -85?
217
In base 6, what is -14 + 10451101?
10451043
In base 5, what is 23313 + -10340?
12423
In base 10, what is 960613 + 1?
960614
In base 4, what is 21 - -133113331?
133120012
In base 8, what is 11 + -222523?
-222512
In base 8, what is -10 - -505304?
505274
In base 10, what is 298 - -22?
320
In base 2, what is 10 + -110100100001101111?
-110100100001101101
In base 12, what is -6 - -10557?
10551
In base 5, what is -2 - 142120?
-142122
In base 9, what is 182121 + -4?
182116
In base 3, what is 210 + -201001?
-200021
In base 14, what is -9427 + -1a?
-9443
In base 6, what is -10542324 - 4?
-10542332
In base 12, what is 37a8 + -8?
37a0
In base 14, what is d - a85?
-a76
In base 11, what is -197 + -1a2?
-389
In base 5, what is -123211 - 11?
-123222
In base 10, what is 30049 - 26?
30023
In base 16, what is -5a6 - 140?
-6e6
In base 10, what is 296379 + 4?
296383
In base 11, what is -2937 + 7?
-2930
In base 14, what is 2 + 48d0?
48d2
In base 8, what is -55 - 6544?
-6621
In base 2, what is 1010100000 - 1010?
1010010110
In base 8, what is -335 - -1044?
507
In base 5, what is -12140 - -1341?
-10244
In base 15, what is -1387 - a7?
-143e
In base 15, what is -1054 - 3?
-1057
In base 7, what is -50 + 561?
511
In base 5, what is -10414 - 1103?
-12022
In base 13, what is 625 - 265?
390
In base 3, what is 11000 + 1010102?
1021102
In base 8, what is 75227 + 15?
75244
In base 9, what is 0 + -37058?
-37058
In base 10, what is -4 - 178317?
-178321
In base 7, what is 2 - 24042?
-24040
In base 11, what is -93 + -14?
-a7
In base 6, what is -20102 - -3320?
-12342
In base 6, what is -115144 - 1?
-115145
In base 3, what is 201120102 + -11?
201120021
In base 16, what is 2c2 + -aa?
218
In base 9, what is 3137 - -72?
3220
In base 7, what is -620 + -1613?
-2533
In base 12, what is 10a101 + 15?
10a116
In base 3, what is 10 + -221200200201?
-221200200121
In base 11, what is -35 + -65139?
-65173
In base 15, what is -2 + -35449?
-3544b
In base 4, what is 10 + -2030130020?
-2030130010
In base 15, what is -2 + -1bc76?
-1bc78
In base 6, what is 3031 + -2155?
432
In base 5, what is 114243 - -1031?
120324
In base 4, what is 1312002130 + 11?
1312002201
In base 11, what is -21 + 38059?
38038
In base 15, what is 0 - c443b?
-c443b
In base 9, what is -247 - 6?
-254
I